{"id":177,"date":"2020-12-04T08:33:41","date_gmt":"2020-12-04T07:33:41","guid":{"rendered":"https:\/\/knit-kit.ch\/shop\/unkategorisiert\/produkt-26\/"},"modified":"2022-09-30T15:28:28","modified_gmt":"2022-09-30T13:28:28","slug":"gestrickter-teddybaer","status":"publish","type":"product","link":"https:\/\/knit-kit.ch\/shop\/gestrickter-teddybaer\/","title":{"rendered":"gestrickter Teddyb\u00e4r"},"content":{"rendered":"<p>Strickanleitung f\u00fcr einen Teddyb\u00e4ren als Download.<\/p>\n<ul>\n<li>Dieser Teddy B\u00e4r ist zirka 27 cm gross und wurde aus einem Alpaka Garn gestrickt.<\/li>\n<li>Er l\u00e4sst sich in verschiedensten Materialien stricken. Nimm ein Material ab einer Nadelst\u00e4rke 4 und h\u00f6her. Dadurch wird sich die Gr\u00f6sse und das Aussehen des Kuscheltieres ver\u00e4ndern.<\/li>\n<li>Schritt f\u00fcr Schritt mit Fotos und ganzen S\u00e4tzen, einfach und verst\u00e4ndlich geschrieben.<\/li>\n<li>Eine Strickschule hilft sich an mit Grundtechniken zu erinnern.<\/li>\n<li>Ideal f\u00fcr Anf\u00e4nger oder Wiedereinsteiger.<\/li>\n<li>In der Anleitung findest Du ebenfalls genaue Materialangaben.<\/li>\n<\/ul>\n<p>&nbsp;<\/p>\n<p>Viel Freude beim Stricken!<br \/>\nAnne-Catherine L\u00fcke<br \/>\nKnit Kit GmbH \/ Luzern \/ Schweiz<\/p>\n","protected":false},"excerpt":{"rendered":"<p>Strickanleitung f\u00fcr einen klassischen Teddyb\u00e4ren.<\/p>\n","protected":false},"featured_media":542,"template":"","meta":[],"product_brand":[],"product_cat":[38],"product_tag":[144,114,123,120],"class_list":{"0":"post-177","1":"product","2":"type-product","3":"status-publish","4":"has-post-thumbnail","6":"product_cat-strickanleitungen","7":"product_tag-baby","8":"product_tag-kinder","9":"product_tag-kuscheltiere","10":"product_tag-spielzeug","12":"first","13":"instock","14":"downloadable","15":"virtual","16":"purchasable","17":"product-type-simple","18":"add-to-wishlist-after_add_to_cart"},"_links":{"self":[{"href":"https:\/\/knit-kit.ch\/shop\/wp-json\/wp\/v2\/product\/177","targetHints":{"allow":["GET"]}}],"collection":[{"href":"https:\/\/knit-kit.ch\/shop\/wp-json\/wp\/v2\/product"}],"about":[{"href":"https:\/\/knit-kit.ch\/shop\/wp-json\/wp\/v2\/types\/product"}],"version-history":[{"count":0,"href":"https:\/\/knit-kit.ch\/shop\/wp-json\/wp\/v2\/product\/177\/revisions"}],"wp:featuredmedia":[{"embeddable":true,"href":"https:\/\/knit-kit.ch\/shop\/wp-json\/wp\/v2\/media\/542"}],"wp:attachment":[{"href":"https:\/\/knit-kit.ch\/shop\/wp-json\/wp\/v2\/media?parent=177"}],"wp:term":[{"taxonomy":"product_brand","embeddable":true,"href":"https:\/\/knit-kit.ch\/shop\/wp-json\/wp\/v2\/product_brand?post=177"},{"taxonomy":"product_cat","embeddable":true,"href":"https:\/\/knit-kit.ch\/shop\/wp-json\/wp\/v2\/product_cat?post=177"},{"taxonomy":"product_tag","embeddable":true,"href":"https:\/\/knit-kit.ch\/shop\/wp-json\/wp\/v2\/product_tag?post=177"}],"curies":[{"name":"wp","href":"https:\/\/api.w.org\/{rel}","templated":true}]}}