{"id":201,"date":"2020-12-04T08:34:16","date_gmt":"2020-12-04T07:34:16","guid":{"rendered":"https:\/\/knit-kit.ch\/shop\/unkategorisiert\/produkt-44\/"},"modified":"2021-09-06T11:57:25","modified_gmt":"2021-09-06T09:57:25","slug":"kleines-stillkissen","status":"publish","type":"product","link":"https:\/\/knit-kit.ch\/shop\/kleines-stillkissen\/","title":{"rendered":"Kleines Stillkissen"},"content":{"rendered":"<p>Dieses kleine Stillkissen bietet ein sch\u00fctzendes Polster und sorgt daf\u00fcr, dass sich das Kleine auf der richtigen H\u00f6he der Brust befindet. Es st\u00fctzt die Arme der Mutter und reduziert dadurch Verspannungen. Auf diesem Kissen kann sich das Baby in einer leicht angehobenen Position entspannen, aufsetzen oder ausruhen.<\/p>\n<ul>\n<li>In der N\u00e4hanleitung ist jeder Schritt genau und in ganzen S\u00e4tzen beschrieben.<\/li>\n<li>Auch f\u00fcr N\u00e4hanf\u00e4nger geeignet.<\/li>\n<li>Die Anleitung ist in Deutsch und ist als Download erh\u00e4ltlich.<\/li>\n<li>Du erh\u00e4ltst 2 Downloads: 1 x Anleitung und 1 x Schnittmuster<\/li>\n<\/ul>\n<p>&nbsp;<\/p>\n<p>Viel Freude beim N\u00e4hen!<br \/>\nAnne-Catherine L\u00fcke<br \/>\nKnit Kit GmbH \/ Luzern \/ Schweiz<\/p>\n<p>Foto mit Baby: Christian Senti<\/p>\n","protected":false},"excerpt":{"rendered":"<p>N\u00e4hanleitung und Schnittmuster f\u00fcr ein kleines Stillkissen<\/p>\n","protected":false},"featured_media":746,"template":"","meta":[],"product_brand":[],"product_cat":[41],"product_tag":[144,105],"class_list":{"0":"post-201","1":"product","2":"type-product","3":"status-publish","4":"has-post-thumbnail","6":"product_cat-naehanleitungen","7":"product_tag-baby","8":"product_tag-wohnaccessoires","10":"first","11":"instock","12":"downloadable","13":"virtual","14":"purchasable","15":"product-type-simple","16":"add-to-wishlist-after_add_to_cart"},"_links":{"self":[{"href":"https:\/\/knit-kit.ch\/shop\/wp-json\/wp\/v2\/product\/201","targetHints":{"allow":["GET"]}}],"collection":[{"href":"https:\/\/knit-kit.ch\/shop\/wp-json\/wp\/v2\/product"}],"about":[{"href":"https:\/\/knit-kit.ch\/shop\/wp-json\/wp\/v2\/types\/product"}],"version-history":[{"count":0,"href":"https:\/\/knit-kit.ch\/shop\/wp-json\/wp\/v2\/product\/201\/revisions"}],"wp:featuredmedia":[{"embeddable":true,"href":"https:\/\/knit-kit.ch\/shop\/wp-json\/wp\/v2\/media\/746"}],"wp:attachment":[{"href":"https:\/\/knit-kit.ch\/shop\/wp-json\/wp\/v2\/media?parent=201"}],"wp:term":[{"taxonomy":"product_brand","embeddable":true,"href":"https:\/\/knit-kit.ch\/shop\/wp-json\/wp\/v2\/product_brand?post=201"},{"taxonomy":"product_cat","embeddable":true,"href":"https:\/\/knit-kit.ch\/shop\/wp-json\/wp\/v2\/product_cat?post=201"},{"taxonomy":"product_tag","embeddable":true,"href":"https:\/\/knit-kit.ch\/shop\/wp-json\/wp\/v2\/product_tag?post=201"}],"curies":[{"name":"wp","href":"https:\/\/api.w.org\/{rel}","templated":true}]}}