{"id":2966,"date":"2022-04-20T13:00:24","date_gmt":"2022-04-20T11:00:24","guid":{"rendered":"https:\/\/knit-kit.ch\/?post_type=product&#038;p=2966"},"modified":"2024-10-07T09:36:10","modified_gmt":"2024-10-07T07:36:10","slug":"pullunder_aus_leinengarn","status":"publish","type":"product","link":"https:\/\/knit-kit.ch\/shop\/pullunder_aus_leinengarn\/","title":{"rendered":"Pullunder aus Leinen"},"content":{"rendered":"<p>Ein sommerlicher Pullunder. Dieses Top ist schnell und einfach gestrickt!<\/p>\n<ul>\n<li>Schwierigkeitsgrad: Anf\u00e4nger bis Fortgeschrittene.<\/li>\n<li>Das Vorder- und das R\u00fcckenteil haben bei diesem Modell die gleiche Form.<\/li>\n<li>Dieses luftige Leinenshirt ist perfekt f\u00fcr warme Tage. Leger geschnitten, sorgt es f\u00fcr Bewegungsfreiheit. Dieses Oberteil ein praktischer Begleiter. Figurbetonend Dank dem abgerundeten Bund passt das Top wunderbar zu Hosen oder R\u00f6cken.<\/li>\n<li>Tipp: Sie k\u00f6nnen das Oberteil auch l\u00e4nger stricken und arbeiten dazu mehr Reihen nach dem abgerundeten Saum.<\/li>\n<li>In Gr\u00f6sse S\/M und L. Besonders f\u00fcr Strick- Anf\u00e4nger schnell und einfach gestrickt!<\/li>\n<li>Mit Fotos und genauen Massangaben um Deine Gr\u00f6sse zu ermitteln.<\/li>\n<li>Schritt f\u00fcr Schritt und in ganzen S\u00e4tzen wird genauestens beschrieben. Keine Abk\u00fcrzungen!<\/li>\n<li>Mit einer Einkaufsliste und einer kleinen Strickschule, um die Grundlagen des Strickens aufzufrischen, sind mit dabei.<\/li>\n<\/ul>\n<p>\u00dcbrigens l\u00e4sst sich der Schnitt perfekt auf andere Materialien (z.B: Merino, Baumwolle usw.) \u00fcbertragen.<\/p>\n<p>Das <em>PASSENDE GARN UND\/ODER STRICKNADELN<\/em> kannst Du als schweizer KundIn gerne bei mir bestellen. Hier findest Du alle Farben: <a href=\"https:\/\/www.langyarns.com\/userfiles\/file\/generated\/784B.pdf\" target=\"_blank\" rel=\"noopener\">Lino Farbkarte<\/a><br \/>\nSchreibe mir dann eine Nachricht via <a href=\"info@knit-kit.ch\" target=\"_blank\" rel=\"noopener\">Email<\/a> und in ein paar Tagen wird das Material bequem nach Hause geschickt.<\/p>\n<p>Viel Freude beim Stricken!<br \/>\nAnne-Catherine L\u00fcke<br \/>\nKnit Kit GmbH \/ Luzern \/ Schweiz<\/p>\n","protected":false},"excerpt":{"rendered":"<p>Schnell und einfach gestrickt aus Leinengarn.<\/p>\n","protected":false},"featured_media":2967,"template":"","meta":[],"product_brand":[],"product_cat":[38],"product_tag":[127,126,172,111],"class_list":{"0":"post-2966","1":"product","2":"type-product","3":"status-publish","4":"has-post-thumbnail","6":"product_cat-strickanleitungen","7":"product_tag-leinen","8":"product_tag-oberteile","9":"product_tag-pullunder-aermellose-tops","10":"product_tag-sommer","12":"first","13":"instock","14":"downloadable","15":"virtual","16":"purchasable","17":"product-type-simple","18":"add-to-wishlist-after_add_to_cart"},"_links":{"self":[{"href":"https:\/\/knit-kit.ch\/shop\/wp-json\/wp\/v2\/product\/2966","targetHints":{"allow":["GET"]}}],"collection":[{"href":"https:\/\/knit-kit.ch\/shop\/wp-json\/wp\/v2\/product"}],"about":[{"href":"https:\/\/knit-kit.ch\/shop\/wp-json\/wp\/v2\/types\/product"}],"version-history":[{"count":2,"href":"https:\/\/knit-kit.ch\/shop\/wp-json\/wp\/v2\/product\/2966\/revisions"}],"predecessor-version":[{"id":3868,"href":"https:\/\/knit-kit.ch\/shop\/wp-json\/wp\/v2\/product\/2966\/revisions\/3868"}],"wp:featuredmedia":[{"embeddable":true,"href":"https:\/\/knit-kit.ch\/shop\/wp-json\/wp\/v2\/media\/2967"}],"wp:attachment":[{"href":"https:\/\/knit-kit.ch\/shop\/wp-json\/wp\/v2\/media?parent=2966"}],"wp:term":[{"taxonomy":"product_brand","embeddable":true,"href":"https:\/\/knit-kit.ch\/shop\/wp-json\/wp\/v2\/product_brand?post=2966"},{"taxonomy":"product_cat","embeddable":true,"href":"https:\/\/knit-kit.ch\/shop\/wp-json\/wp\/v2\/product_cat?post=2966"},{"taxonomy":"product_tag","embeddable":true,"href":"https:\/\/knit-kit.ch\/shop\/wp-json\/wp\/v2\/product_tag?post=2966"}],"curies":[{"name":"wp","href":"https:\/\/api.w.org\/{rel}","templated":true}]}}